{"id":57,"date":"2019-06-14T23:50:26","date_gmt":"2019-06-14T21:50:26","guid":{"rendered":"http:\/\/www.consejodirectivo.appcotecnova.es\/?page_id=57"},"modified":"2026-04-10T19:10:11","modified_gmt":"2026-04-11T00:10:11","slug":"documentos","status":"publish","type":"page","link":"https:\/\/consejodirectivo.cotecnova.edu.co\/index.php\/documentos\/","title":{"rendered":"Documentos"},"content":{"rendered":"\t\t<div data-elementor-type=\"wp-post\" data-elementor-id=\"57\" class=\"elementor elementor-57\">\n\t\t\t\t\t\t<section class=\"elementor-section elementor-top-section elementor-element elementor-element-af5144b elementor-section-boxed elementor-section-height-default elementor-section-height-default\" data-id=\"af5144b\" data-element_type=\"section\">\n\t\t\t\t\t\t<div class=\"elementor-container elementor-column-gap-default\">\n\t\t\t\t\t<div class=\"elementor-column elementor-col-100 elementor-top-column elementor-element elementor-element-4406036\" data-id=\"4406036\" data-element_type=\"column\">\n\t\t\t<div class=\"elementor-widget-wrap elementor-element-populated\">\n\t\t\t\t\t\t<div class=\"elementor-element elementor-element-851fb2d elementor-tabs-view-horizontal elementor-widget elementor-widget-tabs\" data-id=\"851fb2d\" data-element_type=\"widget\" data-widget_type=\"tabs.default\">\n\t\t\t\t<div class=\"elementor-widget-container\">\n\t\t\t\t\t<div class=\"elementor-tabs\">\n\t\t\t<div class=\"elementor-tabs-wrapper\" role=\"tablist\" >\n\t\t\t\t\t\t\t\t\t<div id=\"elementor-tab-title-1391\" class=\"elementor-tab-title elementor-tab-desktop-title\" aria-selected=\"true\" data-tab=\"1\" role=\"tab\" tabindex=\"0\" aria-controls=\"elementor-tab-content-1391\" aria-expanded=\"false\">Actas Asamblea<\/div>\n\t\t\t\t\t\t\t\t\t<div id=\"elementor-tab-title-1392\" class=\"elementor-tab-title elementor-tab-desktop-title\" aria-selected=\"false\" data-tab=\"2\" role=\"tab\" tabindex=\"-1\" aria-controls=\"elementor-tab-content-1392\" aria-expanded=\"false\">Documentos Asamblea General<\/div>\n\t\t\t\t\t\t\t\t\t<div id=\"elementor-tab-title-1393\" class=\"elementor-tab-title elementor-tab-desktop-title\" aria-selected=\"false\" data-tab=\"3\" role=\"tab\" tabindex=\"-1\" aria-controls=\"elementor-tab-content-1393\" aria-expanded=\"false\">Reglamentos<\/div>\n\t\t\t\t\t\t\t\t\t<div id=\"elementor-tab-title-1394\" class=\"elementor-tab-title elementor-tab-desktop-title\" aria-selected=\"false\" data-tab=\"4\" role=\"tab\" tabindex=\"-1\" aria-controls=\"elementor-tab-content-1394\" aria-expanded=\"false\">Informe Trimestral Gesti\u00f3n Rectoral<\/div>\n\t\t\t\t\t\t\t\t\t<div id=\"elementor-tab-title-1395\" class=\"elementor-tab-title elementor-tab-desktop-title\" aria-selected=\"false\" data-tab=\"5\" role=\"tab\" tabindex=\"-1\" aria-controls=\"elementor-tab-content-1395\" aria-expanded=\"false\">Informe Consejo Directivo<\/div>\n\t\t\t\t\t\t\t\t\t<div id=\"elementor-tab-title-1396\" class=\"elementor-tab-title elementor-tab-desktop-title\" aria-selected=\"false\" data-tab=\"6\" role=\"tab\" tabindex=\"-1\" aria-controls=\"elementor-tab-content-1396\" aria-expanded=\"false\">Lecturas previas Consejo Directivo<\/div>\n\t\t\t\t\t\t\t<\/div>\n\t\t\t<div class=\"elementor-tabs-content-wrapper\" role=\"tablist\" aria-orientation=\"vertical\">\n\t\t\t\t\t\t\t\t\t<div class=\"elementor-tab-title elementor-tab-mobile-title\" aria-selected=\"true\" data-tab=\"1\" role=\"tab\" tabindex=\"0\" aria-controls=\"elementor-tab-content-1391\" aria-expanded=\"false\">Actas Asamblea<\/div>\n\t\t\t\t\t<div id=\"elementor-tab-content-1391\" class=\"elementor-tab-content elementor-clearfix\" data-tab=\"1\" role=\"tabpanel\" aria-labelledby=\"elementor-tab-title-1391\" tabindex=\"0\" hidden=\"false\"><ul><li><a href=\"https:\/\/drive.google.com\/file\/d\/12doeTCNJflum87-AHxfUCJYUeHKnydAv\/view?usp=sharing\">Acta Asamblea General Ordinaria 2025<\/a><\/li><li><a href=\"https:\/\/drive.google.com\/file\/d\/1Q46LT3X7dc3y5J0db1xGClu3amcFeval\/view?usp=sharing\">Acta Asamblea Extraordinaria 2025<\/a><\/li><\/ul><\/div>\n\t\t\t\t\t\t\t\t\t<div class=\"elementor-tab-title elementor-tab-mobile-title\" aria-selected=\"false\" data-tab=\"2\" role=\"tab\" tabindex=\"-1\" aria-controls=\"elementor-tab-content-1392\" aria-expanded=\"false\">Documentos Asamblea General<\/div>\n\t\t\t\t\t<div id=\"elementor-tab-content-1392\" class=\"elementor-tab-content elementor-clearfix\" data-tab=\"2\" role=\"tabpanel\" aria-labelledby=\"elementor-tab-title-1392\" tabindex=\"0\" hidden=\"hidden\"><ul><li><a href=\"https:\/\/drive.google.com\/file\/d\/128NGy2tHosI7KCNPle6neenccqOUrTvQ\/view?usp=sharing\">Informe de Gesti\u00f3n Rectoral Ejecutivo a\u00f1o 2025.<\/a><\/li><li><a href=\"https:\/\/drive.google.com\/file\/d\/1IhYz1vWa7QtjO_ugdP7-d1tGHuW_qelb\/view?usp=sharing\">Informe de Gesti\u00f3n Rectoral 2025<\/a><\/li><li><a href=\"https:\/\/drive.google.com\/file\/d\/1RsIflF8gjMsZ0lbeN83m6LC2u676IVv2\/view?usp=sharing\">Notas a los Estados Financieros a\u00f1o 2025<\/a><\/li><li><a href=\"https:\/\/drive.google.com\/file\/d\/1txIwRWgoIyv-z8PX0XIcluKDv4UCbh7_\/view?usp=sharing\">Dictamen Revisor\u00eda Fiscal 2025<\/a><\/li><\/ul><\/div>\n\t\t\t\t\t\t\t\t\t<div class=\"elementor-tab-title elementor-tab-mobile-title\" aria-selected=\"false\" data-tab=\"3\" role=\"tab\" tabindex=\"-1\" aria-controls=\"elementor-tab-content-1393\" aria-expanded=\"false\">Reglamentos<\/div>\n\t\t\t\t\t<div id=\"elementor-tab-content-1393\" class=\"elementor-tab-content elementor-clearfix\" data-tab=\"3\" role=\"tabpanel\" aria-labelledby=\"elementor-tab-title-1393\" tabindex=\"0\" hidden=\"hidden\"><ul><li><a href=\"https:\/\/www.consejodirectivo.appcotecnova.es\/wp-content\/uploads\/2021\/01\/Estatutos-Vigentes-2021.pdf\">Estatutos Vigentes<\/a><\/li><li><a href=\"https:\/\/www.consejodirectivo.appcotecnova.es\/wp-content\/uploads\/2021\/06\/ACUERDO-No.-006-ACTUALIZACION-REGLAMENTO-CONSEJO-DIRECTIVO.pdf\">Reglamento Consejo Directivo<\/a><\/li><li><a href=\"https:\/\/drive.google.com\/file\/d\/1gFNky4CSsxTLhv6y__GyYTNsOSVu6hyY\/view?usp=sharing\" target=\"_blank\" rel=\"noopener\">C\u00f3digo de Buen Gobierno<\/a><\/li><\/ul><\/div>\n\t\t\t\t\t\t\t\t\t<div class=\"elementor-tab-title elementor-tab-mobile-title\" aria-selected=\"false\" data-tab=\"4\" role=\"tab\" tabindex=\"-1\" aria-controls=\"elementor-tab-content-1394\" aria-expanded=\"false\">Informe Trimestral Gesti\u00f3n Rectoral<\/div>\n\t\t\t\t\t<div id=\"elementor-tab-content-1394\" class=\"elementor-tab-content elementor-clearfix\" data-tab=\"4\" role=\"tabpanel\" aria-labelledby=\"elementor-tab-title-1394\" tabindex=\"0\" hidden=\"hidden\"><ul><li><a href=\"https:\/\/docs.google.com\/presentation\/d\/1Y1ystqHexM4pyCaPsh_S3PTT-20cNvZ7\/edit?usp=drive_link&amp;ouid=102501969049392706854&amp;rtpof=true&amp;sd=true\">Informe Gesti\u00f3n Rectoral I Trimestre a\u00f1o 2025<\/a><\/li><li><a href=\"https:\/\/drive.google.com\/file\/d\/1vCUNzyy4Jgm3AacLCsVdIz25wSj9vrZZ\/view?usp=sharing\">Informe Gesti\u00f3n Rectoral II Trimestre a\u00f1o 2025<\/a><\/li><li><a href=\"https:\/\/docs.google.com\/presentation\/d\/1NRC9IOOLwK4hFgEtPFdnAP8AnTj4BMe7\/edit?usp=sharing&amp;ouid=102501969049392706854&amp;rtpof=true&amp;sd=true\">Informe Gesti\u00f3n Rectoral III Trimestre a\u00f1o 2025<\/a><\/li><li><a href=\"https:\/\/docs.google.com\/document\/d\/1fztjymw8h7jIeBC-aTdIhlhEswDF1RRW\/edit?usp=sharing&amp;ouid=102501969049392706854&amp;rtpof=true&amp;sd=trueAacLCsVdIz25wSj9vrZZ\/view?usp=sharing\">Informe Gesti\u00f3n Rectoral IV Trimestre a\u00f1o 2025<\/a><\/li><\/ul><\/div>\n\t\t\t\t\t\t\t\t\t<div class=\"elementor-tab-title elementor-tab-mobile-title\" aria-selected=\"false\" data-tab=\"5\" role=\"tab\" tabindex=\"-1\" aria-controls=\"elementor-tab-content-1395\" aria-expanded=\"false\">Informe Consejo Directivo<\/div>\n\t\t\t\t\t<div id=\"elementor-tab-content-1395\" class=\"elementor-tab-content elementor-clearfix\" data-tab=\"5\" role=\"tabpanel\" aria-labelledby=\"elementor-tab-title-1395\" tabindex=\"0\" hidden=\"hidden\"><ul><li><a href=\"https:\/\/drive.google.com\/file\/d\/1gLRvrYxcTx8rzl0l6pdd6eDnHryfrMwg\/view?usp=sharing\">Informe Consejo Directivo a\u00f1o 2025<\/a><\/li><\/ul><\/div>\n\t\t\t\t\t\t\t\t\t<div class=\"elementor-tab-title elementor-tab-mobile-title\" aria-selected=\"false\" data-tab=\"6\" role=\"tab\" tabindex=\"-1\" aria-controls=\"elementor-tab-content-1396\" aria-expanded=\"false\">Lecturas previas Consejo Directivo<\/div>\n\t\t\t\t\t<div id=\"elementor-tab-content-1396\" class=\"elementor-tab-content elementor-clearfix\" data-tab=\"6\" role=\"tabpanel\" aria-labelledby=\"elementor-tab-title-1396\" tabindex=\"0\" hidden=\"hidden\"><ul><li><a href=\"https:\/\/drive.google.com\/file\/d\/1XE3MFhK24nQEG80H7FG8Pknudm7zESO8\/view?usp=sharing\">ACTA No. 004 &#8211; Reuni\u00f3n Ordinaria de Consejo Directivo, 25 de marzo de 2026<\/a><\/li><\/ul><\/div>\n\t\t\t\t\t\t\t<\/div>\n\t\t<\/div>\n\t\t\t\t<\/div>\n\t\t\t\t<\/div>\n\t\t\t\t\t<\/div>\n\t\t<\/div>\n\t\t\t\t\t<\/div>\n\t\t<\/section>\n\t\t\t\t<\/div>\n\t\t","protected":false},"excerpt":{"rendered":"<p>Actas Asamblea Documentos Asamblea General Reglamentos Informe Trimestral Gesti\u00f3n Rectoral Informe Consejo Directivo Lecturas previas Consejo Directivo Actas Asamblea Acta Asamblea General Ordinaria 2025 Acta Asamblea Extraordinaria 2025 Documentos Asamblea General Informe de Gesti\u00f3n Rectoral Ejecutivo a\u00f1o 2025. Informe de Gesti\u00f3n Rectoral 2025 Notas a los Estados Financieros a\u00f1o 2025 Dictamen Revisor\u00eda Fiscal 2025 Reglamentos [&hellip;]<\/p>\n","protected":false},"author":1,"featured_media":0,"parent":0,"menu_order":0,"comment_status":"closed","ping_status":"closed","template":"","meta":{"footnotes":""},"class_list":["post-57","page","type-page","status-publish","hentry"],"_links":{"self":[{"href":"https:\/\/consejodirectivo.cotecnova.edu.co\/index.php\/wp-json\/wp\/v2\/pages\/57","targetHints":{"allow":["GET"]}}],"collection":[{"href":"https:\/\/consejodirectivo.cotecnova.edu.co\/index.php\/wp-json\/wp\/v2\/pages"}],"about":[{"href":"https:\/\/consejodirectivo.cotecnova.edu.co\/index.php\/wp-json\/wp\/v2\/types\/page"}],"author":[{"embeddable":true,"href":"https:\/\/consejodirectivo.cotecnova.edu.co\/index.php\/wp-json\/wp\/v2\/users\/1"}],"replies":[{"embeddable":true,"href":"https:\/\/consejodirectivo.cotecnova.edu.co\/index.php\/wp-json\/wp\/v2\/comments?post=57"}],"version-history":[{"count":153,"href":"https:\/\/consejodirectivo.cotecnova.edu.co\/index.php\/wp-json\/wp\/v2\/pages\/57\/revisions"}],"predecessor-version":[{"id":381,"href":"https:\/\/consejodirectivo.cotecnova.edu.co\/index.php\/wp-json\/wp\/v2\/pages\/57\/revisions\/381"}],"wp:attachment":[{"href":"https:\/\/consejodirectivo.cotecnova.edu.co\/index.php\/wp-json\/wp\/v2\/media?parent=57"}],"curies":[{"name":"wp","href":"https:\/\/api.w.org\/{rel}","templated":true}]}}