{"id":35,"date":"2019-06-15T00:22:34","date_gmt":"2019-06-14T22:22:34","guid":{"rendered":"http:\/\/www.consejodirectivo.appcotecnova.es\/?page_id=35"},"modified":"2026-02-26T21:15:03","modified_gmt":"2026-02-27T02:15:03","slug":"inicio","status":"publish","type":"page","link":"https:\/\/consejodirectivo.cotecnova.edu.co\/","title":{"rendered":"Inicio"},"content":{"rendered":"\t\t<div data-elementor-type=\"wp-post\" data-elementor-id=\"35\" class=\"elementor elementor-35\">\n\t\t\t\t<div class=\"elementor-element elementor-element-51a44979 e-flex e-con-boxed e-con e-parent\" data-id=\"51a44979\" data-element_type=\"container\">\n\t\t\t\t\t<div class=\"e-con-inner\">\n\t\t\t\t<div class=\"elementor-element elementor-element-1d1e358f elementor-widget elementor-widget-text-editor\" data-id=\"1d1e358f\" data-element_type=\"widget\" data-widget_type=\"text-editor.default\">\n\t\t\t\t<div class=\"elementor-widget-container\">\n\t\t\t\t\t\t\t<p><img loading=\"lazy\" decoding=\"async\" src=\"https:\/\/www.consejodirectivo.appcotecnova.es\/wp-content\/uploads\/2019\/06\/Consejo-Directivo-1030x291.jpg\" sizes=\"auto, (max-width: 1030px) 100vw, 1030px\" srcset=\"https:\/\/www.consejodirectivo.appcotecnova.es\/wp-content\/uploads\/2019\/06\/Consejo-Directivo-1030x291.jpg 1030w, https:\/\/www.consejodirectivo.appcotecnova.es\/wp-content\/uploads\/2019\/06\/Consejo-Directivo-300x85.jpg 300w, https:\/\/www.consejodirectivo.appcotecnova.es\/wp-content\/uploads\/2019\/06\/Consejo-Directivo-768x217.jpg 768w, https:\/\/www.consejodirectivo.appcotecnova.es\/wp-content\/uploads\/2019\/06\/Consejo-Directivo-1500x424.jpg 1500w, https:\/\/www.consejodirectivo.appcotecnova.es\/wp-content\/uploads\/2019\/06\/Consejo-Directivo-705x199.jpg 705w, https:\/\/www.consejodirectivo.appcotecnova.es\/wp-content\/uploads\/2019\/06\/Consejo-Directivo-450x127.jpg 450w, https:\/\/www.consejodirectivo.appcotecnova.es\/wp-content\/uploads\/2019\/06\/Consejo-Directivo.jpg 1663w\" alt=\"\" width=\"1030\" height=\"291\" \/><\/p><p><img loading=\"lazy\" decoding=\"async\" class=\"aligncenter wp-image-318 size-large\" src=\"https:\/\/consejodirectivo.cotecnova.edu.co\/wp-content\/uploads\/2026\/02\/estructura-organizacional-2021-1396x1500-1-959x1030.jpg\" alt=\"\" width=\"959\" height=\"1030\" srcset=\"https:\/\/consejodirectivo.cotecnova.edu.co\/wp-content\/uploads\/2026\/02\/estructura-organizacional-2021-1396x1500-1-959x1030.jpg 959w, https:\/\/consejodirectivo.cotecnova.edu.co\/wp-content\/uploads\/2026\/02\/estructura-organizacional-2021-1396x1500-1-279x300.jpg 279w, https:\/\/consejodirectivo.cotecnova.edu.co\/wp-content\/uploads\/2026\/02\/estructura-organizacional-2021-1396x1500-1-768x825.jpg 768w, https:\/\/consejodirectivo.cotecnova.edu.co\/wp-content\/uploads\/2026\/02\/estructura-organizacional-2021-1396x1500-1-656x705.jpg 656w, https:\/\/consejodirectivo.cotecnova.edu.co\/wp-content\/uploads\/2026\/02\/estructura-organizacional-2021-1396x1500-1.jpg 1396w\" sizes=\"auto, (max-width: 959px) 100vw, 959px\" \/><\/p><h1>Asamblea General<\/h1><h3><strong>Seg\u00fan los estatutos vigentes,<\/strong><\/h3><p><span style=\"color: #000000;\">ARTICULO 12. M\u00c1XIMA AUTORIDAD. La Asamblea General, es la m\u00e1xima autoridad de orientaci\u00f3n y control de resultados de la Corporaci\u00f3n. Sus decisiones ser\u00e1n de obligatorio cumplimiento para todos los miembros de la Instituci\u00f3n, siempre que se hayan adoptado de conformidad con las normas legales y estatutarias.<\/span><\/p><p><span style=\"color: #000000;\">ARTICULO 19. ATRIBUCIONES DE LA ASAMBLEA. Son atribuciones de la Asamblea General.<\/span><\/p><p><span style=\"color: #000000;\">A. Cumplir y hacer cumplir la Constituci\u00f3n, las leyes, los Estatutos y dem\u00e1s normatividad externa e interna expedida en funci\u00f3n del desarrollo de la actividad educativa.<\/span><\/p><p><span style=\"color: #000000;\">B. Establecer las pol\u00edticas y directrices generales de la Corporaci\u00f3n de acuerdo con sus objetivos misionales para asegurar el cumplimiento de los mismos.<\/span><\/p><p><span style=\"color: #000000;\">C. Velar y exigir que los recursos de la Corporaci\u00f3n sean empleados correctamente.<\/span><\/p><p><span style=\"color: #000000;\">D. Conocer, evaluar y decidir sobre los informes que rinde el Presidente del Consejo Directivo y el Rector, acerca de sus gestiones y la marcha general de la Instituci\u00f3n.<\/span><\/p><p><span style=\"color: #000000;\">E. Examinar y decidir sobre los Estados Financieros<\/span><\/p><p><span style=\"color: #000000;\">F. Establecer las reservas legales o estatuarias que considere pertinentes para la continuidad y buena marcha de la instituci\u00f3n a futuro.<\/span><\/p><p><span style=\"color: #000000;\">G. Conocer y decidir sobre el dictamen del Revisor Fiscal.<\/span><\/p><p><span style=\"color: #000000;\">H. Elegir a los representantes de la Asamblea con sus respectivos suplentes personales al Consejo Directivo.<\/span><\/p><p><span style=\"color: #000000;\">I. Elegir y remover libremente al Revisor Fiscal y su suplente y fijar sus honorarios<\/span><\/p><p><span style=\"color: #000000;\">J. Decidir en reuni\u00f3n ordinaria o extraordinaria sobre prendas de garant\u00eda, enajenaci\u00f3n, ofertas o promesas de venta de los bienes inmuebles. Esta aprobaci\u00f3n requiere del 90% de los votos de los Asamble\u00edstas participantes con voz y voto.<\/span><\/p><p><span style=\"color: #000000;\">K. Disponer la disoluci\u00f3n y liquidaci\u00f3n de la Corporaci\u00f3n, de conformidad con las causales establecidas en la Ley y en los presentes Estatutos<\/span><\/p><p><span style=\"color: #000000;\">L. Decretar al tenor del par\u00e1grafo dos, del Art\u00edculo 3 de los Estatutos, la transformaci\u00f3n de la Corporaci\u00f3n en otra, u otras de igual o similar naturaleza.<\/span><\/p><p><span style=\"color: #000000;\">M. Examinar y decidir sobre las reformas estatutarias.<\/span><\/p><p><span style=\"color: #000000;\">N. Dirimir o resolver las controversias que sobre la interpretaci\u00f3n de los estatutos se presenten al interior de la reuni\u00f3n. Esto conforme a la normativa constitucional y legal.<\/span><\/p><p><span style=\"color: #000000;\">O. Decidir sobre la vinculaci\u00f3n de nuevos miembros de la Asamblea, acatando el articulado del Reglamento Interno de Asamble\u00edstas.<\/span><\/p><p><span style=\"color: #000000;\">P. Declarar y motivar la perdida de los derechos o investidura de un miembro de Asamblea, previo cumplimiento del debido proceso, acatando el articulado del Reglamento interno de Asamble\u00edstas.<\/span><\/p><p><span style=\"color: #000000;\">Q. Decidir con base en los resultados financieros y a mera liberalidad el otorgamiento de un reconocimiento econ\u00f3mico a los integrantes del Consejo Directivo, de acuerdo al reglamento que para tal fin expida la Asamblea.<\/span><\/p><p><span style=\"color: #000000;\">R. Expedir, aprobar y\/o reformar su propio reglamento.<\/span><\/p><p><span style=\"color: #000000;\">S. Las dem\u00e1s que le se\u00f1alen la Constituci\u00f3n, las leyes y los presentes Estatutos.<\/span><\/p><h1>Consejo Directivo<\/h1><h3><strong>Seg\u00fan los estatutos vigentes,<\/strong><\/h3><h3><strong>CAPITULO II CONSEJO DIRECTIVO<\/strong><\/h3><p><span style=\"color: #000000;\">El Consejo Directivo es la m\u00e1xima autoridad de direcci\u00f3n estrat\u00e9gica, acad\u00e9mica, administrativa y financiera de la Corporaci\u00f3n. Corresponde a \u00e9ste \u00f3rgano asegurar y velar por la buena marcha de la Instituci\u00f3n y que sus actuaciones sean acordes con las disposiciones constitucionales, legales, estatutarias y reglamentarias. Est\u00e1 subordinado a las directrices y pol\u00edticas de la Asamblea General y es responsable ante \u00e9sta, por el funcionamiento de la Corporaci\u00f3n. Para el efecto delega en el rector la gesti\u00f3n y operatividad de los procesos institucionales.<\/span><\/p><p><span style=\"color: #000000;\">ARTICULO 26. FUNCIONES DEL CONSEJO DIRECTIVO. Son las siguientes:<\/span><\/p><ol><li><span style=\"color: #000000;\">Definir pol\u00edticas y lineamientos estrat\u00e9gicos que permitan cumplir con el objetivo misional, y que garanticen la buena marcha de la Instituci\u00f3n en concordancia con la Constituci\u00f3n, las leyes de la naci\u00f3n, los Estatutos y dem\u00e1s reglamentos internos.<\/span><\/li><li type=\"1\"><span style=\"color: #000000;\">Analizar, evaluar, conceptuar y tomar decisiones en cuanto a expedir o modificar plan de desarrollo institucional, PEI, pol\u00edticas, objetivos y estrategias<\/span><\/li><li type=\"1\"><span style=\"color: #000000;\">Realizar seguimiento a la gesti\u00f3n (estrat\u00e9gica, acad\u00e9mica, administrativa y financiera) dise\u00f1ando e implementado mecanismos de control que permitan medir y evaluar la gesti\u00f3n general, y la de cada uno de los procesos.<\/span><\/li><li type=\"1\"><span style=\"color: #000000;\">Analizar, evaluar y tomar decisiones sobre la creaci\u00f3n, modificaci\u00f3n, suspensi\u00f3n, o supresi\u00f3n de programas acad\u00e9micos de pregrado o postgrado,previo concepto de Consejo Acad\u00e9mico.<\/span><\/li><li type=\"1\"><span style=\"color: #000000;\">Analizar, evaluar y tomar decisiones sobre los reglamentos: Estudiantil, Docente, Investigaci\u00f3n y Extensi\u00f3n previo concepto de Consejo Acad\u00e9mico. As\u00ed como, los reglamentos de Bienestar Institucional, Personal Administrativo y los dem\u00e1s que sean necesarios para el adecuado funcionamiento de la Instituci\u00f3n y que por intermedio del rector presenten los responsables de cada proceso.<\/span><\/li><li type=\"1\"><span style=\"color: #000000;\">Crear, modificar o suprimir las unidades acad\u00e9micas, administrativas e investigativas, escuelas o institutos de la Corporaci\u00f3n entre otras, y tomar decisiones del caso, previo concepto del Consejo Acad\u00e9mico<\/span><\/li><li type=\"1\"><span style=\"color: #000000;\">Escuchar los informes de gesti\u00f3n acad\u00e9mica y administrativa que presente la rector\u00eda, financieros que presenta el contador y aquellos otros, que, por intermedio del Rector, presenten los Directores de Unidad y dem\u00e1s funcionarios administrativos de la Corporaci\u00f3n para tomar las decisiones del caso.<\/span><\/li><li type=\"1\"><span style=\"color: #000000;\">Velar, exigir y garantizar que los recursos de la Corporaci\u00f3n sean empleados correctamente.<\/span><\/li><li type=\"1\"><span style=\"color: #000000;\">Fijar el valor de las matr\u00edculas y dem\u00e1s derechos pecuniarios.<\/span><\/li><li type=\"1\"><span style=\"color: #000000;\">Designar los integrantes del Comit\u00e9 de becas y otros comit\u00e9s, conforme a los par\u00e1metros establecidos.<\/span><\/li><li type=\"1\"><span style=\"color: #000000;\">Resolver los casos disciplinarios que reglamentariamente le correspondan.<\/span><\/li><li type=\"1\"><span style=\"color: #000000;\">Aprobar el presupuesto de ingresos, gastos e inversiones de cada vigencia que presenta la rector\u00eda. Igualmente, tomar decisiones sobre los ajustes o modificaciones (traslados, adiciones, reducciones o supresiones).<\/span><\/li><li type=\"1\"><span style=\"color: #000000;\">Expedir y aprobar el reglamento general para la elecci\u00f3n del rector.<\/span><\/li><li type=\"1\"><span style=\"color: #000000;\">Aprobar y\/o modificar la estructura org\u00e1nica y salarial, as\u00ed como aprobar, modificar o congelar la planta de cargos.<\/span><\/li><li type=\"1\"><span style=\"color: #000000;\">Definir las pol\u00edticas para la vinculaci\u00f3n, contrataci\u00f3n y promoci\u00f3n del personal que labora en la Instituci\u00f3n.<\/span><\/li><li type=\"1\"><span style=\"color: #000000;\">Elegir al Rector.<\/span><\/li><li type=\"1\"><span style=\"color: #000000;\">Remover al rector, previa comprobaci\u00f3n de los hechos y desarrollando el debido proceso, cuando:<\/span><br \/><ol style=\"color: #000000;\"><li type=\"a\"><span style=\"color: #000000;\">La calificaci\u00f3n del desempe\u00f1o laboral sea deficiente.<\/span><\/li><li type=\"a\"><span style=\"color: #000000;\">Cuando haya incumplimiento de las funciones, deberes y responsabilidades.<\/span><\/li><li type=\"a\"><span style=\"color: #000000;\">por violaci\u00f3n del r\u00e9gimen disciplinario, o alguna de las dem\u00e1s causales previstas en la Constituci\u00f3n, la ley o los reglamentos internos.<\/span><\/li><\/ol><\/li><li><span style=\"color: #000000;\">Analizar y decidir sobre la celebraci\u00f3n de actos o contratos concernientes a inversiones de la Corporaci\u00f3n, cuando su valor exceda los veinticinco (25) salarios m\u00ednimos mensuales legales vigentes. El Consejo Directivo queda facultado para reajustar peri\u00f3dicamente esta cuant\u00eda de acuerdo con las circunstancias.<\/span><\/li><li><span style=\"color: #000000;\">Evaluar y tomar decisiones sobre la celebraci\u00f3n de contratos o convenios que pretenda celebrar el Rector con Instituciones p\u00fablicas o privadas nacional eso internacionales y\/o entes gubernamentales\u00a0<\/span><\/li><li><span style=\"color: #000000;\">Decidir sobre comisiones nacionales e internacionales, licencias, vacaciones y permisos al Rector y designar en su ausencia a la persona que transitoriamente debe reemplazarlo.<\/span><\/li><li><span style=\"color: #000000;\">Designar los representantes de la Corporaci\u00f3n para participar en juntas, asociaciones o eventos por fuera del territorio nacional.<\/span><\/li><li><span style=\"color: #000000;\">Expedir, reformar y aprobar, el Reglamento del Consejo Directivo y C\u00f3digo de \u00e9tica y buen gobierno u otros que por su naturaleza le corresponda.<\/span><\/li><li><span style=\"color: #000000;\">Convocar a los Miembros de la Asamblea de la Corporaci\u00f3n a reuniones ordinarias, o, extraordinarias cuando lo considere necesario.\u00a0<\/span><\/li><li><span style=\"color: #000000;\">Revisar y avalar los informes que se deben presentar a la Asamblea General<\/span><\/li><li><span style=\"color: #000000;\">Presentar ante la Asamblea General candidatos para ser seleccionados como miembros activos y honorarios de la Asamblea General en coherencia con los reglamentos.<\/span><\/li><li><span style=\"color: #000000;\">Decidir sobre las donaciones, herencias y legados que se hagan a la Instituci\u00f3n.<\/span><\/li><li><span style=\"color: #000000;\">Presentar a la Asamblea General por intermedio del Presidente del Consejo Directivo o de quien haga sus veces, el informe de la gesti\u00f3n desarrollada por este \u00f3rgano de Direcci\u00f3n.<\/span><\/li><li><span style=\"color: #000000;\">Interpretar el sentido y alcance de los Estatutos y Reglamentos que rigen en la Corporaci\u00f3n.<\/span><\/li><li><span style=\"color: #000000;\">Las dem\u00e1s que le correspondan de conformidad con la ley, los presentes Estatutos, los reglamentos internos y las disposiciones de la Asamblea General.<\/span><\/li><\/ol><p><strong>PAR\u00c1GRAFO UNO: <\/strong><span style=\"color: #000000;\">El Consejo Directivo tomar\u00e1 sus determinaciones por medio de Acuerdos.<\/span><\/p><p><strong>PAR\u00c1GRAFO DOS: <\/strong><span style=\"color: #000000;\">El Consejo Directivo responder\u00e1 por los perjuicios que ocasione a la Corporaci\u00f3n o a terceros por actuar con negligencia o dolo en el cumplimiento de sus funciones.<\/span><\/p>\t\t\t\t\t\t<\/div>\n\t\t\t\t<\/div>\n\t\t\t\t\t<\/div>\n\t\t\t\t<\/div>\n\t\t\t\t<\/div>\n\t\t","protected":false},"excerpt":{"rendered":"<p>Asamblea General Seg\u00fan los estatutos vigentes, ARTICULO 12. M\u00c1XIMA AUTORIDAD. La Asamblea General, es la m\u00e1xima autoridad de orientaci\u00f3n y control de resultados de la Corporaci\u00f3n. Sus decisiones ser\u00e1n de obligatorio cumplimiento para todos los miembros de la Instituci\u00f3n, siempre que se hayan adoptado de conformidad con las normas legales y estatutarias. ARTICULO 19. ATRIBUCIONES [&hellip;]<\/p>\n","protected":false},"author":1,"featured_media":0,"parent":0,"menu_order":0,"comment_status":"closed","ping_status":"closed","template":"","meta":{"footnotes":""},"class_list":["post-35","page","type-page","status-publish","hentry"],"_links":{"self":[{"href":"https:\/\/consejodirectivo.cotecnova.edu.co\/index.php\/wp-json\/wp\/v2\/pages\/35","targetHints":{"allow":["GET"]}}],"collection":[{"href":"https:\/\/consejodirectivo.cotecnova.edu.co\/index.php\/wp-json\/wp\/v2\/pages"}],"about":[{"href":"https:\/\/consejodirectivo.cotecnova.edu.co\/index.php\/wp-json\/wp\/v2\/types\/page"}],"author":[{"embeddable":true,"href":"https:\/\/consejodirectivo.cotecnova.edu.co\/index.php\/wp-json\/wp\/v2\/users\/1"}],"replies":[{"embeddable":true,"href":"https:\/\/consejodirectivo.cotecnova.edu.co\/index.php\/wp-json\/wp\/v2\/comments?post=35"}],"version-history":[{"count":9,"href":"https:\/\/consejodirectivo.cotecnova.edu.co\/index.php\/wp-json\/wp\/v2\/pages\/35\/revisions"}],"predecessor-version":[{"id":327,"href":"https:\/\/consejodirectivo.cotecnova.edu.co\/index.php\/wp-json\/wp\/v2\/pages\/35\/revisions\/327"}],"wp:attachment":[{"href":"https:\/\/consejodirectivo.cotecnova.edu.co\/index.php\/wp-json\/wp\/v2\/media?parent=35"}],"curies":[{"name":"wp","href":"https:\/\/api.w.org\/{rel}","templated":true}]}}